t is the greatest common factor of 1089 and 4191?
33
What is the greatest common factor of 464 and 125744?
464
Calculate the highest common divisor of 945 and 1960.
35
Calculate the highest common factor of 1540 and 759.
11
Calculate the highest common factor of 64090 and 130.
130
What is the highest common divisor of 2659565 and 934?
467
What is the greatest common factor of 201360 and 240?
240
What is the greatest common divisor of 3434 and 8398?
34
Calculate the highest common factor of 480 and 14415.
15
What is the greatest common factor of 1157 and 1313?
13
Calculate the greatest common factor of 319 and 539.
11
What is the greatest common factor of 11102 and 336?
14
What is the greatest common factor of 856 and 28141?
107
What is the highest common factor of 21224 and 72?
8
Calculate the greatest common divisor of 368 and 10649.
23
Calculate the highest common factor of 53166 and 12.
6
What is the highest common factor of 762315 and 5?
5
Calculate the greatest common divisor of 656 and 497412.
164
What is the greatest common divisor of 105 and 7275?
15
Calculate the greatest common factor of 13550 and 25474.
542
What is the greatest common factor of 171 and 69129?
9
Calculate the highest common factor of 392 and 31448.
8
Calculate the highest common divisor of 6016 and 96632.
376
What is the greatest common factor of 135 and 5980230?
135
Calculate the highest common divisor of 2870 and 60065.
205
Calculate the greatest common divisor of 648 and 52893.
81
Calculate the greatest common divisor of 41329 and 148.
37
What is the greatest common factor of 930226 and 22?
22
What is the greatest common divisor of 415 and 641092?
83
What is the highest common factor of 2672 and 16?
16
Calculate the greatest common factor of 852 and 1088643.
213
What is the highest common divisor of 320662 and 6633?
67
What is the greatest common divisor of 92880 and 105?
15
Calculate the greatest common factor of 1060142 and 669.
223
What is the greatest common divisor of 16908 and 612?
12
What is the greatest common factor of 17493 and 969?
51
What is the highest common divisor of 21 and 54615?
3
Calculate the greatest common divisor of 100 and 11520.
20
Calculate the highest common factor of 2556 and 803862.
1278
Calculate the greatest common factor of 287 and 3152121.
287
What is the highest common factor of 785 and 20567?
157
What is the highest common divisor of 492936 and 4?
4
What is the greatest common factor of 760 and 763192?
152
What is the greatest common divisor of 16 and 1250?
2
Calculate the highest common factor of 220380 and 660.
60
What is the greatest common divisor of 14172 and 852?
12
What is the highest common divisor of 75 and 14295?
15
What is the highest common factor of 1060 and 26204?
4
What is the greatest common divisor of 208210 and 4?
2
Calculate the greatest common divisor of 4 and 2509076.
4
Calculate the greatest common divisor of 17088 and 600.
24
Calculate the greatest common factor of 4563 and 104.
13
What is the highest common factor of 667 and 944849?
29
What is the greatest common divisor of 2991 and 9?
3
What is the highest common factor of 660452 and 676?
676
What is the greatest common factor of 97 and 132793?
97
What is the highest common divisor of 2128 and 74928?
112
Calculate the greatest common divisor of 60 and 3419340.
60
What is the greatest common divisor of 103054 and 476?
238
Calculate the greatest common divisor of 768 and 168288.
96
What is the greatest common divisor of 338 and 880659?
169
Calculate the highest common factor of 2 and 166684.
2
Calculate the highest common divisor of 20 and 948640.
20
What is the greatest common divisor of 817535 and 115?
115
Calculate the highest common factor of 282112 and 160.
32
What is the greatest common factor of 2592 and 544?
32
Calculate the highest common divisor of 2686 and 91166.
158
Calculate the highest common divisor of 897 and 3036.
69
Calculate the highest common divisor of 208531 and 1057.
151
Calculate the greatest common divisor of 9 and 363741.
3
Calculate the highest common divisor of 10557 and 315537.
1173
Calculate the greatest common divisor of 5837764 and 1699.
1699
What is the greatest common divisor of 68800 and 10400?
800
Calculate the highest common factor of 849830 and 10.
10
What is the greatest common divisor of 598 and 18239?
299
Calculate the highest common divisor of 67808 and 192.
32
Calculate the greatest common divisor of 28478 and 5336.
58
Calculate the highest common factor of 60 and 39948.
12
What is the highest common factor of 11303 and 11176?
127
Calculate the highest common factor of 30957 and 153.
51
What is the greatest common factor of 9678 and 78?
6
Calculate the highest common divisor of 444818 and 44.
22
Calculate the highest common factor of 1696 and 4399.
53
Calculate the highest common factor of 17730 and 30.
30
What is the highest common factor of 149366 and 9307?
227
What is the highest common divisor of 15585 and 1635?
15
What is the highest common divisor of 306 and 39389?
17
Calculate the highest common factor of 19026 and 288.
18
What is the highest common factor of 1267 and 18281?
181
What is the greatest common divisor of 13464 and 140760?
1224
What is the highest common divisor of 12416 and 928?
32
What is the greatest common divisor of 1110 and 885?
15
What is the greatest common divisor of 153 and 1737?
9
Calculate the highest common divisor of 892742 and 63950.
2558
Calculate the greatest common divisor of 30408 and 504.
168
What is the highest common factor of 8 and 1772?
4
What is the highest common divisor of 95 and 653?
1
Calculate the greatest common factor of 12 and 1868316.
12
What is the highest common factor of 155448 and 396?
36
What is the highest common factor of 153300 and 140?
140
What is the highest common divisor of 556 and 76?
4
What is the highest common factor of 80 and 20420?
20
What is the greatest common divisor of 42 and 4650352?
14
Calculate the greatest common divisor of 468 and 30628.
52
What is the greatest common divisor of 1539 and 18525?
57
What is the greatest common divisor of 197078 and 28?
14
What is the greatest common factor of 383 and 85409?
383
Calculate the highest common divisor of 102 and 1734.
102
Calculate the greatest common factor of 59052 and 518.
518
Calculate the highest common divisor of 150781 and 131.
131
Calculate the greatest common factor of 4466 and 877250.
638
What is the greatest common factor of 10 and 1424795?
5
What is the greatest common divisor of 1491 and 2422875?
1491
What is the highest common factor of 1458800 and 800?
400
What is the highest common divisor of 16737 and 651?
21
What is the greatest common divisor of 1440 and 10710?
90
What is the highest common factor of 12259 and 23179?
13
What is the highest common factor of 6748 and 84?
28
What is the greatest common factor of 370 and 153550?
370
Calculate the highest common divisor of 216274 and 136.
34
Calculate the greatest common factor of 3836862 and 108.
54
What is the highest common divisor of 1391 and 6848?
107
What is the highest common factor of 8478 and 132194?
314
What is the greatest common factor of 57928 and 1144?
104
What is the highest common factor of 80 and 40336?
16
What is the highest common factor of 27 and 689202?
27
What is the greatest common divisor of 96 and 5468?
4
What is the greatest common divisor of 4949470 and 463?
463
Calculate the greatest common divisor of 1012 and 123288.
44
Calculate the greatest common divisor of 5727 and 96363.
249
What is the greatest common factor of 3976 and 4828?
284
What is the greatest common divisor of 132012 and 6042?
114
What is the greatest common divisor of 100367 and 334?
167
Calculate the greatest common divisor of 452779 and 212.
53
What is the greatest common divisor of 993054 and 562?
562
What is the highest common factor of 9099 and 8397?
27
Calculate the highest common factor of 6721 and 3982.
11
Calculate the highest common factor of 13128 and 564.
12
What is the greatest common factor of 3419 and 94679?
13
Calculate the greatest common divisor of 3650 and 14162.
146
What is the highest common factor of 125936 and 544?
272
Calculate the greatest common divisor of 216 and 20.
4
What is the greatest common divisor